**2 + 10*z - 28. Calculate a(-12).
-4
Let s(m) = m**2 + 3*m - 19. What is s(5)?
21
Let w(z) = -z**3 + 5*z - 2. Calculate w(2).
0
Let l(h) = h + 13. Give l(-11).
2
Let v(n) = -n**2 + n - 1. Give v(4).
-13
Let i(u) = -2*u**2 - 16*u + 24. Give i(-11).
-42
Let b(a) = -a**3 - 7*a**2 + 9*a - 3. Give b(-8).
-11
Let n(i) = -i**3 + 2*i**2 + 2*i - 8. Determine n(3).
-11
Let n(m) = -m**2 + 7*m - 5. Determine n(9).
-23
Let m(o) = -o**3 + 19*o**2 - 21*o + 48. Determine m(18).
-6
Let a(i) = 6*i**2 + 32*i + 3. Give a(-6).
27
Let a(u) = -u**3 + 4*u**2 + 12*u - 9. Determine a(5).
26
Let y(t) = -t**3 + t**2 - t + 37. Determine y(0).
37
Let x(a) = -6*a**3 - 4*a**2 + a + 1. Calculate x(1).
-8
Let s(j) = -j**3 - 6*j**2 + 2*j + 22. Calculate s(-7).
57
Let q(v) = v + 1. Determine q(14).
15
Let h(u) = 18*u - 105. Calculate h(5).
-15
Let u(j) = 16*j - 54. Give u(3).
-6
Let r(j) = j**3 - 12*j**2 + 11*j + 7. What is r(11)?
7
Let b(q) = q**3 + 6*q**2 + 9*q + 48. Give b(-6).
-6
Let l(u) = -u + 1. Determine l(2).
-1
Let a(s) = s**3 - 13*s**2 - 13*s - 20. Give a(14).
-6
Let o(q) = 22*q - 62. What is o(3)?
4
Let w(c) = 2*c - 1. Determine w(-6).
-13
Let q(v) = -v**3 + 5*v**2 - v + 5. Calculate q(4).
17
Let l(v) = -v**3 - 13*v**2 + 17*v + 38. Calculate l(-14).
-4
Let m(q) = 3*q - 20. Calculate m(7).
1
Let z(l) = l**3 + 23*l**2 + 23*l + 22. Give z(-22).
0
Let n(f) = f**3 - 16*f**2 - 17*f + 6. What is n(17)?
6
Let u(g) = g**3 - 5*g**2 + 4*g - 41. Determine u(5).
-21
Let z(s) = s**2 + 8*s - 7. Calculate z(-8).
-7
Let r(n) = n**2 - 5*n - 1. Give r(3).
-7
Let l(m) = 9*m + 1. Calculate l(-1).
-8
Let l(k) = k**2 + 2*k - 8. What is l(6)?
40
Let u(p) = 3*p**3 + 40*p**2 + 13*p + 2. Give u(-13).
2
Let n(y) = 6*y - 22. Give n(4).
2
Let x(w) = w**3 + w**2 + w - 6. Determine x(0).
-6
Let t(r) = 4*r**3 + r**2 - 2. Calculate t(-2).
-30
Let u(x) = -2*x**2 - 11*x - 28. Calculate u(-3).
-13
Let d(b) = 4*b**2 + 38*b - 118. What is d(-12)?
2
Let p(g) = g**3 + 4*g**2 - 9*g + 5. Calculate p(-6).
-13
Let m(c) = c**2 - 2*c + 2. Give m(12).
122
Let b(q) = q**3 + 12*q**2 + 12*q + 10. What is b(-11)?
-1
Let u(g) = 2*g - 15. What is u(7)?
-1
Let c(l) = -47*l - 39. Give c(-1).
8
Let u(j) = -j**3 + 12*j**2 + 7*j - 70. Determine u(12).
14
Let v(l) = 32*l + 1. Calculate v(1).
33
Let b(r) = -45*r + 176. Determine b(4).
-4
Let x(w) = -2*w + 3. Determine x(-5).
13
Let d(m) = -2*m**2 - 6*m + 1. Give d(-5).
-19
Let k(g) = -203*g**2 - g + 2. Calculate k(1).
-202
Let a(g) = -g**2 + 2*g + 2. Give a(-7).
-61
Let i(a) = 2*a**3 - 3*a**2 - 4*a - 8. What is i(-2)?
-28
Let r(m) = -4*m**3 + 2*m**2 + 2*m. Calculate r(2).
-20
Let x(j) = -j. What is x(-1)?
1
Let t(p) = 4*p - 16. What is t(3)?
-4
Let l(w) = -w**3 + 4*w**2 - 3*w - 2. Determine l(3).
-2
Let h(f) = 3*f - 18. Give h(8).
6
Let p(z) = -z**3 + 7*z**2 - 4. Calculate p(5).
46
Let r(l) = -2*l**2 + 4*l + 7. Give r(4).
-9
Let v(o) = -o**2 - 3*o + 7. What is v(-7)?
-21
Let f(v) = 3*v - 5. Give f(-3).
-14
Let r(p) = 6*p + 162. Determine r(-12).
90
Let j(i) = -i**2 + 2*i + 191. Determine j(15).
-4
Let r(b) = 25*b + 316. Calculate r(-13).
-9
Let f(h) = -h + 5. Give f(2).
3
Let y(a) = -a**3 + 3*a**2 + a + 1. Calculate y(3).
4
Let k(v) = -7*v - 1. Determine k(5).
-36
Let k(t) = t**3 - 26*t**2 + 24*t + 31. Calculate k(25).
6
Let q(a) = 4*a**2 - 2*a + 1. Determine q(3).
31
Let v(u) = -3*u - 3. What is v(-4)?
9
Let o(g) = -g**3 + 7*g**2 + 48*g - 321. Calculate o(8).
-1
Let n(x) = 2*x**2 + 3*x + 1. What is n(0)?
1
Let y(c) = 13*c - 130. Give y(11).
13
Let l(d) = -20*d + 8. What is l(8)?
-152
Let x(k) = 11*k - 5. Calculate x(3).
28
Let g(z) = -z**3 + 7*z**2 + 2*z + 50. Give g(8).
2
Let v(a) = 85*a - 4. Calculate v(1).
81
Let r(g) = g**2 + 26*g + 136. Determine r(-19).
3
Let l(z) = -z**3 - z + 10. Determine l(2).
0
Let w(l) = -28*l - 8. What is w(-1)?
20
Let k(y) = -2*y - 4. Calculate k(-6).
8
Let r(b) = -b**3 - 3*b**2 + 2*b - 2. Give r(-4).
6
Let m(k) = k**3 - 7*k**2 + k - 13. Calculate m(6).
-43
Let r(y) = 5*y + 2. Calculate r(-5).
-23
Let d(z) = -z**3 - 11*z**2 + 11*z - 12. Determine d(-12).
0
Let y(m) = -4*m - 36. Determine y(-8).
-4
Let w(j) = 2*j**2 - 5*j - 12. Calculate w(4).
0
Let y(k) = 18*k + 92. What is y(-5)?
2
Let k(z) = -z**3 + 3*z**2 + 2*z - 4. What is k(4)?
-12
Let t(x) = 2*x**2 - 62*x + 13. What is t(31)?
13
Let a(g) = -19*g + 37. Give a(7).
-96
Let z(r) = 21*r - 2. Calculate z(3).
61
Let s(x) = -x**2 - 6*x + 1. Calculate s(-5).
6
Let j(h) = 3*h - 7. Calculate j(7).
14
Let i(k) = 4*k**2 + 9*k + 4. Determine i(-4).
32
Let r(f) = 2*f - 34. Determine r(10).
-14
Let z(j) = -j**2 - 12*j + 2. Calculate z(-12).
2
Let k(s) = -19*s - 10. What is k(-3)?
47
Let m(v) = v**3 - v**2 - 13*v + 7. What is m(6)?
109
Let t(z) = -z**3 - 20*z**2 + 18*z - 47. Determine t(-21).
16
Let l(n) = 10*n + 57. Determine l(-5).
7
Let i(h) = 7*h + 6. What is i(-4)?
-22
Let m(d) = d**2 + 2*d - 29. What is m(5)?
6
Let i(h) = h**3 - 17*h**2 - 22*h + 81. Calculate i(18).
9
Let m(x) = 3*x**2 - 9*x + 13. Give m(6).
67
Let q(f) = f**3 + 5*f**2 + 3*f - 1. Determine q(-3).
8
Let v(w) = -w**3 + 3*w**2 + 12*w - 3. Determine v(-3).
15
Let o(l) = l**2 - 7*l + 17. Determine o(6).
11
Let h(y) = -2*y + 16. Give h(9).
-2
Let g(j) = -9*j + 4. What is g(8)?
-68
Let d(o) = -o**3 + 21*o**2 + 24*o - 11. Determine d(22).
33
Let c(r) = r**3 + 4*r**2 - 4*r. Give c(-5).
-5
Let t(m) = m**2 + 7*m + 11. What is t(-5)?
1
Let l(a) = a**3 - 3*a**2 - 6*a + 1. What is l(4)?
-7
Let d(v) = -2*v**2 + 33*v + 23. Give d(17).
6
Let d(k) = 2*k**2 + 113*k - 57. Give d(-57).
0
Let s(l) = l**3 + l**2 + 3*l + 3. Determine s(-2).
-7
Let q(h) = -h**3 - 2*h**2 - 3*h + 3. Calculate q(3).
-51
Let m(g) = g**3 + 9*g**2 + 15*g - 6. Determine m(-5).
19
Let s(d) = -2*d**2 - 22*d + 298. Give s(8).
-6
Let k(y) = y**2 - 7*y - 26. Give k(11).
18
Let d(i) = 5*i + 79. Calculate d(-16).
-1
Let m(b) = 39*b**3 - 4*b**2 - 4*b - 1. Determine m(-1).
-40
Let r(l) = l**3 + 13*l**2 - 18*l - 67. Determine r(-14).
-11
Let o(c) = 6*c**3 + 2*c**2 - 2*c + 1. Give o(1).
7
Let u(c) = 2*c**2 + 2*c - 113. Give u(7).
-1
Let z(i) = 2*i**2 + 19*i + 23. Give z(-7).
-12
Let t(j) = -2*j**2 - 5*j - 9. Give t(-3).
-12
Let h(u) = u**3 + 11*u**2 + 10*u - 8. Give h(-10).
-8
Let w(q) = -2*q + 29. Determine w(15).
-1
Let x(j) = 8*j - 25. Calculate x(8).
39
Let t(d) = -d**3 + 13*d**2 - 5*d + 28. Calculate t(13).
-37
Let s(i) = -i**2 - 3*i + 213. What is s(12)?
33
Let p(u) = u**3 - 5*u**2 + u - 5. Give p(4).
-17
Let m(t) = -t**2 - t + 35. What is m(0)?
35
Let c(a) = -3*a**3 - 4*a + 6. What is c(-3)?
99
Let a(s) = s**3 + 9*s**2 + 9. Determine a(-9).
9
Let y(r) = 5*r - 10. What is y(-6)?
-40
Let z(r) = -r + 19. Determine z(10).
9
Let c(v) = -12*v**3 - 4*v**2 - v + 2. Determine c(-2).
84
Let v(d) = -d - 4. Give v(0).
-4
Let v(j) = -j**3 + 11*j**2 - 39*j + 284. Calculate v(10).
-6
Let u(t) = -t**2 + 9*t - 37. Give u(8).
-29
Let f(o) = -57*o**3 + 3*o + 4. Give f(-1).
58
Let z(a) = a**3 - 3*a**2 + a - 11. Give z(3).
-8
Let h(f) = 2*f**2 + 3*f - 8. What is h(4)?
36
Let d(g) = 20*g + 1. Give d(-1).
-19
Let v(h) = 2*h - 28. What is v(14)?
0
Let z(i) = i**2 - 15*i + 4. Calculate z(10).
-46
Let x(a) = a**3 + 4*a**2 - 6*a - 10. Calculate x(-5).
-5
Let l(z) = -z**3 - 9*z**2 - 11*z - 1. Give l(-8).
23
Let n(g) = g**3 + 9*g**2 + 3*g - 13. What is n(-8)?
27
Let r(p) = 2*p**2 + 13*p + 1. Calculate r(-6).
-5
Let o(y) = -4*y**3 + 12*y**2 + y - 1. Give o(2).
17
Let a(u) = 160*u**2 - 3*u - 2. Calculate a(-1).
161
Let m(k) = k**3 + 7*k**2 + 7*k - 8. Determine m(-5).
7
Let p(r) = r**2 + 12*r + 44. Give p(-6).
8
Let u(g) = 2*g**2 + 4*g - 100. Calculate u(6).
-4
Let o(b) = b**3 - b**2 - 3*b + 4. What is o(4)?
40
Let f(l) = l**2 + 17*l + 8. What is f(-12)?
-52
Let m(t) = -2*t**2 - 21*t - 13. What is m(-10)?
-3
Let f(l) = -l**3 + 28*l**2 - 53*l + 19. Calculate f(26).
-7
Let i(z) = -2*z**2 + 9*z - 6. Determine i(6).
-24
Let l(z) = -z**3 + 4*z**2 + 5*z + 6. Calculate l(5).
6
Let q(r) = 13*r + 4. Determine q(-11).
-139
Let n(r) = -r**3 + 7*r**2 - 4*r - 4. Give n(5).
26
Let d(p) = -32*p**3 + 3*p**2 + 3*p + 1. Determine d(-1).
33
Let d(a) = a**3 - 10*a**2 + 6*a - 1. Calculate d(4).
-73
Let j(c) = -2*c**2 + 40*c - 2. Give j(20).
-2
Let f(u) = u**3 - 7*u**2 + u + 6. Give f(5).
-39
Let g(c) = -c**2 - 2*c + 5. Determine g(